of 325 and d.
5
Let o be 66 - (-4)/((-2)/(-9) - 114/27). Let x be 3110/18 - 8/(-36). Let r = x - o. What is the highest common factor of r and 12?
12
Suppose -5*a = 16*l - 13*l - 418, 280 = 2*l + 3*a. What is the greatest common factor of l and 876?
146
Let y(s) = -s**3 - 15*s**2 + 20*s + 58. Let k be y(-16). Let z(m) = 20 + 26 - 10 - 16*m. Let h be z(k). What is the highest common divisor of 12 and h?
12
Suppose -2*t - 165 = -2*c + 165, 2*c + 4*t - 282 = 0. What is the greatest common divisor of 7379 and c?
157
Suppose -280*m + 324*m = 30800. Calculate the highest common factor of 200 and m.
100
Let l(q) = 20*q + 1. Let h be l(4). Let d be 289 + -284 + 13 + 0. Calculate the greatest common divisor of d and h.
9
Let m be (-8 + 8/8)/(-1). Suppose -m*d - 206 = -1571. Calculate the highest common divisor of 260 and d.
65
Suppose 4*p = -p. Let t(a) = 5*a**2 - 96*a + 21. Let j be t(19). Suppose p*r = -r + 4*h + 30, 2*h = -j*r + 70. What is the greatest common divisor of 51 and r?
17
Suppose 20*w - 14*w - 42 = 0. Let n(m) = m**3 - 2*m**2 + 9*m + 17. Let t be n(w). Calculate the greatest common factor of t and 125.
25
Let m be 45/(-30)*(-26)/(-3)*-17. Let s = 244 - m. Calculate the greatest common factor of 69 and s.
23
Suppose -11063*x = -11068*x - 2 + 182. What is the highest common factor of 477 and x?
9
Let l = -4 + 13. Suppose 0 = -21*r + 14*r - 1512. Let w be r/30*(-35)/14. What is the greatest common divisor of w and l?
9
Let y = -2214 - -2329. What is the greatest common factor of y and 4876?
23
Let t(l) = 3*l**3 - 5*l**2 + l + 10. Let b be t(5). Suppose 0 = 5*z + 5*k - b, -2*k - k = z - 43. What is the greatest common divisor of z and 29?
29
Suppose -3*i + 6*i = 1404. Suppose 17*k - i = -k. What is the greatest common divisor of k and 78?
26
Let k(g) = 18*g**2 - 69*g + 4. Let v be k(4). Let m = 219 - 163. What is the highest common divisor of m and v?
8
Suppose 52*l = 44*l - 34*l + 9702. Calculate the greatest common factor of 759 and l.
33
Suppose -6*y - 228 = -5*g - 5*y, -4*g = 4*y - 192. Calculate the greatest common factor of 5221 and g.
23
Suppose -10*r = -221 - 99. Let b(n) = n + 38. Let c be b(r). What is the highest common divisor of c and 15?
5
Suppose -2*t + 103 = -3*x - 49, 176 = 2*t + 3*x. Suppose -3*n + 121 = -3*d + d, -5*d = -3*n + 118. Calculate the highest common factor of t and n.
41
Suppose 8*o = 26 + 1318. Let r(c) = -c**3 - 1 - c**2 + 7 - 15*c + 18*c. Let u be r(-4). Calculate the highest common factor of o and u.
42
Let q be 17986 + (-161)/230*-10. What is the greatest common factor of 38 and q?
19
Let z = -184 - -184. Suppose z = v + 4*j - 18, -14*v + 6 = -15*v + 4*j. Calculate the highest common divisor of v and 246.
6
Suppose 3*g + 189 = 3*s, -15*s - 3*g = -8*s - 431. Calculate the highest common divisor of s and 15407.
31
Suppose 24*c - 72 = 48. Suppose -c*t = 4*b - 1157 - 23, 4*b + 908 = 4*t. Calculate the highest common divisor of t and 29.
29
Suppose -159*h + 27*h + 890340 = 0. What is the greatest common divisor of 190 and h?
95
Let z(a) = -10*a - 10. Let p be z(9). Let i = p - -151. Calculate the greatest common factor of i and 153.
51
Let p be (1/(-2))/((-4)/48). Let j(o) = 14*o + o**2 + 7 + 17 + 29. Let a be j(-9). Calculate the greatest common factor of a and p.
2
Suppose -12 = 4*g, -2*g - 25 - 41 = -4*q. Let f be (-2)/(-9)*30*q. What is the greatest common factor of f and 75?
25
Suppose 0 = -3*l - 9, 32*f + 3*l + 2440 = 33*f. Suppose -39*t + 572 + f = 0. Calculate the greatest common factor of t and 847.
77
Suppose -q + 9 = 5*i + 3, 4*q - 24 = 3*i. Let o be (-172)/q*75/(-50). Suppose 9*y = 6*y + 387. Calculate the greatest common factor of o and y.
43
Suppose -2*m - q + 659 - 162 = 0, m = -5*q + 235. What is the highest common factor of 120 and m?
10
Let h(b) = 2*b**2 + 99*b + 735. Let o be h(-8). Calculate the highest common divisor of o and 781.
71
Let r = 47 + -45. Suppose -5*j - 7 = 4*d, -j + 0*d - r = d. Suppose -2*p = n - j, 18 = -2*p - 5*n + 7. Calculate the greatest common factor of p and 3.
1
Let a = -427 - -447. Let p(i) = 10*i - 182. Let n be p(a). What is the highest common factor of 78 and n?
6
Let j(w) = -2 + 30*w + 4 + 113*w. Let a be 36/(-102) - 760/(-323). Let h be j(a). Calculate the greatest common divisor of 36 and h.
36
Let u be 7938/5*1860/744. What is the highest common factor of u and 648?
81
Suppose 1274 = 52*d + 46*d. What is the greatest common divisor of d and 2483?
13
Let r be (1 + (-9)/15)*5 - 37. Let o = 37 + r. Suppose -5*j - f = -110, -f = o*j - j - 26. What is the greatest common factor of j and 7?
7
Let p = 326 - 322. Suppose -w + 967 = p*l + 4*w, l - 3*w = 246. What is the greatest common divisor of 27 and l?
27
Let u(r) = r**3 - 3*r**2 - 3*r - 20. Let i be u(6). Let p(j) = -11*j - 56. Let h be p(-21). What is the highest common divisor of h and i?
35
Let g(i) = -i**2 - 268*i - 2753. Let m be g(-11). What is the highest common divisor of 6771 and m?
37
Suppose -18 = j - 4*o, 4*o - 38 = -4*j - 10. Suppose -c = -3*c + 6. Let t be j/(-3) + 74/c. Calculate the highest common divisor of 48 and t.
24
Suppose -2*x = -7 + 3. Suppose -x*k = k. Suppose k = -4*i + 57 + 7. Calculate the highest common factor of i and 4.
4
Let j = 45 + -57. Let q be (-10)/3*(-840)/100. Let w be (j*(-91)/q)/((-1)/(-1)). Calculate the highest common factor of 117 and w.
39
Let t = -1717 + 1727. Suppose -2*x + 1800 = 4*x. What is the greatest common factor of t and x?
10
Let t be -8 + (-8 - -50)/(6/14). Calculate the greatest common divisor of t and 1215.
45
Let g = 222 + -159. Let w = 117 + -96. Suppose w*v = 15*v + 42. Calculate the highest common divisor of g and v.
7
Suppose -x = -4*g + 224 + 56, 4*g + x = 288. Suppose 4*m = 4*u + 6*m - 74, g = 4*u + 3*m. Suppose u = 3*l - 55. What is the highest common factor of 100 and l?
25
Let n be (387 - 2/2)/(-1). Let b be (-1)/(-3 - 1156/n) + -4. Calculate the greatest common factor of 21 and b.
21
Suppose -4*u - 2*p + 4660 = -4*p, 5*u - 3*p - 5822 = 0. What is the greatest common divisor of 949 and u?
73
Let n(v) = v**2 + 3*v + 3. Let i be n(-3). Suppose 0 = 2*u - i*z - 162, 5*u + 4*z = -0*u + 451. What is the highest common factor of u and 3?
3
Suppose 56*d - 1656 = -128*d. Calculate the highest common factor of d and 3357.
9
Let k = 15 - -16. Suppose -2*t - 15 = -w, 0 = -4*w + 4*t + 87 - k. Suppose 0 = 2*m - 2*f - 8, 56 = m - 5*f + 44. What is the greatest common factor of m and w?
1
Let o = 9621 - 9377. Calculate the highest common factor of 10126 and o.
122
Let p = -6427 - -6715. What is the greatest common factor of 3648 and p?
96
Let j(u) = 2*u**3 - 9*u**2 - 3*u - 4. Let v be j(5). Suppose s = 3*l - 5, -l - 3*s + v = s. Calculate the highest common divisor of 11 and l.
1
Suppose -6*i + 2 + 10 = 0. Let f be 190/(i + -6 + 6). Calculate the greatest common factor of 5 and f.
5
Suppose 193 + 287 = 16*n. Suppose n*k + 84 = 28*k. Let a be 324/(-189)*k/4. Calculate the highest common factor of a and 117.
9
Let q(z) = -589*z + 1244. Let x be q(2). Calculate the highest common factor of x and 473.
11
Suppose 4*d = 11823 - 3951. Calculate the greatest common divisor of 123 and d.
123
Suppose -9*b - 304 = -47*b. Suppose 3*t - 14 = -53. Let x be (3 - 5*t/(-3))*-3. Calculate the highest common factor of b and x.
8
Let f be 2/(-15) - (13/15 + -1). Suppose f = 5*n + s - 107, -18 + 97 = 4*n + 3*s. Suppose 90 = v + n. What is the highest common divisor of 17 and v?
17
Let r be 9/243*9 - (-16182)/54. What is the highest common divisor of r and 5550?
150
Suppose -191 = -2*x + 125. Let h = -111 + x. Let u be (8 + (-2396)/(-32) - -11) + 3/24. Calculate the highest common divisor of h and u.
47
Suppose 2*h - 4*p - 1402 = p, -5*h + 3567 = 3*p. Suppose -h = -4*g - 51. Let z = g + -137. Calculate the greatest common divisor of 28 and z.
28
Suppose 3*i - 8*i + 3*c + 40 = 0, 4*i - 3*c - 32 = 0. Let v = 434 + 7. Suppose u = i*u - v. What is the greatest common divisor of u and 9?
9
Let a = 17 - 14. Suppose -4*l = 5*x - 25, 2*x - 1 - 9 = -a*l. Suppose 2*j - 439 - 29 = l. Calculate the greatest common divisor of j and 26.
26
Let o = -65 + 177. Suppose -6*y = 10*y - o. Calculate the greatest common divisor of 63 and y.
7
Let o = 44 - -1. Let z = o + -43. Let a be 1*3 + (z + 14 - 